11371380 is divided by 163?
11
Calculate the remainder when 3155704 is divided by 1577670.
364
Calculate the remainder when 25918 is divided by 3726.
3562
What is the remainder when 129701 is divided by 9103?
2259
Calculate the remainder when 171811 is divided by 315.
136
What is the remainder when 861399 is divided by 430?
109
Calculate the remainder when 1574896 is divided by 19443.
13
What is the remainder when 1431590 is divided by 303?
218
What is the remainder when 5393430 is divided by 565?
505
What is the remainder when 48265221 is divided by 15966?
3
What is the remainder when 2243242 is divided by 361?
349
Calculate the remainder when 651494 is divided by 7580.
7194
Calculate the remainder when 285467 is divided by 306.
275
What is the remainder when 51131401 is divided by 464?
457
What is the remainder when 12333755 is divided by 119?
0
Calculate the remainder when 1403003 is divided by 6679.
413
Calculate the remainder when 1503980394 is divided by 171.
168
Calculate the remainder when 52434343 is divided by 41.
17
Calculate the remainder when 7141619 is divided by 18.
11
What is the remainder when 111006 is divided by 937?
440
Calculate the remainder when 952675 is divided by 9.
7
Calculate the remainder when 161464 is divided by 161442.
22
Calculate the remainder when 567473 is divided by 189152.
17
What is the remainder when 126071504 is divided by 35?
34
What is the remainder when 4395616 is divided by 98?
22
Calculate the remainder when 1226783 is divided by 712.
7
What is the remainder when 89545 is divided by 1729?
1366
Calculate the remainder when 25610125 is divided by 455.
450
What is the remainder when 8768758 is divided by 88?
86
Calculate the remainder when 1294925 is divided by 18.
5
Calculate the remainder when 4821950 is divided by 1436.
1298
Calculate the remainder when 15251779 is divided by 311259.
88
Calculate the remainder when 20705267 is divided by 56.
51
Calculate the remainder when 61951 is divided by 565.
366
What is the remainder when 2365428 is divided by 2829?
384
What is the remainder when 80263 is divided by 79241?
1022
Calculate the remainder when 367206 is divided by 11475.
6
What is the remainder when 3264918 is divided by 5947?
15
Calculate the remainder when 8146735 is divided by 899.
896
Calculate the remainder when 140497 is divided by 1090.
977
What is the remainder when 1807822 is divided by 189?
37
Calculate the remainder when 255066 is divided by 51.
15
What is the remainder when 13193001 is divided by 403?
393
Calculate the remainder when 4762627 is divided by 952517.
42
Calculate the remainder when 8626943 is divided by 696.
23
Calculate the remainder when 90916 is divided by 487.
334
What is the remainder when 399296 is divided by 1131?
53
Calculate the remainder when 5249723 is divided by 6191.
5946
What is the remainder when 8604693 is divided by 573646?
3
What is the remainder when 5887947 is divided by 2164?
1867
Calculate the remainder when 12164708 is divided by 296.
292
What is the remainder when 25887 is divided by 1932?
771
Calculate the remainder when 213376 is divided by 3809.
72
What is the remainder when 1020043 is divided by 210?
73
What is the remainder when 9500464 is divided by 5?
4
What is the remainder when 79318 is divided by 1564?
1118
Calculate the remainder when 237433029 is divided by 8.
5
What is the remainder when 145386848 is divided by 534?
8
Calculate the remainder when 1393342 is divided by 5980.
2
Calculate the remainder when 12240761 is divided by 12885.
11
Calculate the remainder when 27872194 is divided by 64074.
4
What is the remainder when 638036 is divided by 212380?
896
Calculate the remainder when 1201249 is divided by 171607.
0
Calculate the remainder when 32096 is divided by 47.
42
Calculate the remainder when 8300998 is divided by 109.
103
Calculate the remainder when 331808 is divided by 82950.
8
Calculate the remainder when 4936756 is divided by 43.
12
Calculate the remainder when 6145783 is divided by 15.
13
What is the remainder when 177222 is divided by 140?
122
What is the remainder when 148209746 is divided by 5?
1
Calculate the remainder when 932261 is divided by 454.
199
Calculate the remainder when 38738 is divided by 726.
260
What is the remainder when 26213288 is divided by 8737745?
53
What is the remainder when 87820 is divided by 29233?
121
What is the remainder when 1744436 is divided by 44?
12
Calculate the remainder when 5286678 is divided by 280.
278
Calculate the remainder when 82590 is divided by 8980.
1770
What is the remainder when 683487 is divided by 341743?
1
Calculate the remainder when 1943876 is divided by 145.
6
What is the remainder when 145535 is divided by 72426?
683
Calculate the remainder when 59124190 is divided by 885.
880
What is the remainder when 4442173 is divided by 31?
28
What is the remainder when 652849 is divided by 402?
1
What is the remainder when 4081998 is divided by 3486?
3378
What is the remainder when 56733 is divided by 2391?
1740
Calculate the remainder when 1512928 is divided by 10362.
76
What is the remainder when 7493155 is divided by 279?
52
What is the remainder when 4818844 is divided by 333?
1
Calculate the remainder when 13331945 is divided by 374.
341
Calculate the remainder when 3035 is divided by 1252.
531
What is the remainder when 201466 is divided by 50360?
26
Calculate the remainder when 1137884 is divided by 49.
6
Calculate the remainder when 17047857 is divided by 313.
312
Calculate the remainder when 8517177 is divided by 16.
9
What is the remainder when 630565 is divided by 7596?
97
What is the remainder when 468759 is divided by 8365?
319
Calculate the remainder when 5569602 is divided by 5569587.
15
Calculate the remainder when 12145 is divided by 1825.
1195
Calculate the remainder when 283432 is divided by 141664.
104
Calculate the remainder when 13713517 is divided by 368.
365
Calculate the remainder when 5873 is divided by 176.
65
What is the remainder when 302099 is divided by 9742?
97
What is the remainder when 435510 is divided by 808?
806
Calculate the remainder when 52770 is divided by 3310.
3120
What is the remainder when 67575 is divided by 56?
39
Calculate the remainder when 192591 is divided by 10125.
216
What is the remainder when 10720158 is divided by 110?
108
What is the remainder when 127276 is divided by 3349?
14
Calculate the remainder when 3896013 is divided by 177075.
363
What is the remainder when 162714 is divided by 8561?
55
What is the remainder when 19602055 is divided by 682?
11
Calculate the remainder when 5160786 is divided by 191122.
492
What is the remainder when 821941 is divided by 58649?
855
What is the remainder when 7385133 is divided by 2461697?
42
Calculate the remainder when 78089964 is divided by 41.
11
Calculate the remainder when 1794942 is divided by 743.
597
Calculate the remainder when 115948 is divided by 386.
148
Calculate the remainder when 2310905 is divided by 975.
155
What is the remainder when 1499787 is divided by 115368?
3
Calculate the remainder when 7314289 is divided by 270.
259
Calculate the remainder when 44112937 is divided by 135.
67
Calculate the remainder when 130155 is divided by 10846.
3
What is the remainder when 49567164 is divided by 499?
496
Calculate the remainder when 61132622 is divided by 5064.
14
Calculate the remainder when 203075 is divided by 127.
2
Calculate the remainder when 9160 is divided by 936.
736
Calculate the remainder when 383009 is divided by 63827.
47
What is the remainder when 461577 is divided by 5697?
120
Calculate the remainder when 2135617 is divided by 494.
55
What is the remainder when 2211539 is divided by 20?
19
Calculate the remainder when 1691885 is divided by 176.
173
Calculate the remainder when 1289790927 is divided by 15.
12
Calculate the remainder when 373713709 is divided by 651.
649
What is the remainder when 18629517 is divided by 75119?
5
Calculate the remainder when 263939 is divided by 21971.
287
What is the remainder when 60032901 is divided by 408387?
12
Calculate the remainder when 41589369 is divided by 44.
41
Calculate the remainder when 12071836 is divided by 704.
348
Calculate the remainder when 12592459 is divided by 28.
19
Calculate the remainder wh